 7299557 a composite number?
False
Is 508801859 a composite number?
False
Is 2731241 prime?
True
Is 256717967 prime?
False
Is 107911327 a prime number?
False
Is 5321341 composite?
True
Is 4334921 composite?
True
Is 24238463 a composite number?
False
Is 2990842 a composite number?
True
Is 23055047 a prime number?
True
Is 400701011 composite?
False
Is 2493480277 a composite number?
False
Is 3816573 a composite number?
True
Is 3784309 prime?
True
Is 651997131 a composite number?
True
Is 365368831 a composite number?
False
Is 26967571 composite?
False
Is 36716809 prime?
False
Is 1558613 a prime number?
False
Is 7086977 a prime number?
False
Is 2090003 a prime number?
True
Is 5972797 a composite number?
True
Is 33820711 composite?
False
Is 21815698 prime?
False
Is 16733111 a composite number?
False
Is 283937 composite?
False
Is 587854751 prime?
False
Is 310829945 a prime number?
False
Is 65680441 prime?
False
Is 11151649 composite?
True
Is 168053 prime?
False
Is 3052997 composite?
True
Is 474312845 composite?
True
Is 80415139 composite?
True
Is 5338973 a composite number?
True
Is 10824439 composite?
True
Is 2145239 composite?
False
Is 53064943 composite?
True
Is 123045693 composite?
True
Is 77119801 a prime number?
False
Is 417295337 a composite number?
True
Is 8496899 prime?
False
Is 3839123 prime?
False
Is 10731482 a composite number?
True
Is 1840957 prime?
True
Is 20857463 composite?
True
Is 283756067 a composite number?
True
Is 444989 composite?
True
Is 512627867 a composite number?
True
Is 7818397 a prime number?
True
Is 3016721 composite?
True
Is 1065929 prime?
False
Is 244397359 a prime number?
True
Is 98689499 composite?
True
Is 712289 composite?
False
Is 6083659 prime?
True
Is 150318293 prime?
False
Is 296011 a composite number?
False
Is 447422 composite?
True
Is 37551197 prime?
True
Is 10265183 composite?
False
Is 18018883 composite?
False
Is 4511939 prime?
True
Is 6717233 prime?
False
Is 9769153 prime?
False
Is 17403989 a prime number?
False
Is 5250871 prime?
True
Is 2804513 a prime number?
False
Is 23118353 prime?
False
Is 9489 a prime number?
False
Is 374484089 composite?
True
Is 26366359 a composite number?
True
Is 4210751 prime?
False
Is 1495979 a prime number?
True
Is 188237 prime?
False
Is 43637297 composite?
True
Is 431471207 prime?
True
Is 23311637 composite?
True
Is 36932003 composite?
False
Is 4820691 prime?
False
Is 110925193 prime?
False
Is 39693989 prime?
True
Is 2476081 prime?
True
Is 34180831 a composite number?
False
Is 1189301 a prime number?
True
Is 1103183 composite?
False
Is 19908079 composite?
True
Is 153583381 prime?
False
Is 4827287 a composite number?
False
Is 17645291 a prime number?
True
Is 416147 a prime number?
True
Is 7818067 a composite number?
False
Is 1837349 a prime number?
True
Is 5873359 a composite number?
False
Is 193834111 prime?
True
Is 254990327 a prime number?
False
Is 8578673 a composite number?
True
Is 38567261 composite?
False
Is 1720609 prime?
False
Is 172533563 composite?
False
Is 4688503 a composite number?
False
Is 60117113 composite?
True
Is 52241185 a prime number?
False
Is 586442743 composite?
False
Is 2903041 a composite number?
False
Is 103082671 a composite number?
True
Is 7342694 prime?
False
Is 49974437 a composite number?
True
Is 635021 prime?
True
Is 328128569 composite?
False
Is 149377127 a composite number?
True
Is 39802405 prime?
False
Is 1364596549 composite?
True
Is 240304037 a prime number?
True
Is 87136079 a composite number?
False
Is 90730127 composite?
True
Is 357854065 composite?
True
Is 2404807 composite?
False
Is 15841423 prime?
False
Is 1514779 prime?
False
Is 2674993 composite?
True
Is 178092983 a prime number?
True
Is 10595605 prime?
False
Is 1128893 a prime number?
False
Is 637529063 composite?
False
Is 2283191 prime?
True
Is 138274859 composite?
False
Is 164531 a prime number?
True
Is 67645049 prime?
True
Is 24982481 a prime number?
False
Is 4118333 a composite number?
False
Is 86741405 prime?
False
Is 1854737 a composite number?
True
Is 92623 prime?
True
Is 3461921 a composite number?
False
Is 145709539 composite?
True
Is 4521037 composite?
False
Is 184307 a prime number?
False
Is 916207855 a composite number?
True
Is 141421663 a prime number?
True
Is 15006109 prime?
False
Is 12039037 a composite number?
True
Is 186110107 a prime number?
True
Is 151851377 a prime number?
True
Is 104224123 a composite number?
False
Is 93306911 a composite number?
False
Is 11474129 prime?
False
Is 154474 composite?
True
Is 6708637 composite?
True
Is 89369583 a prime number?
False
Is 10926073 a composite number?
True
Is 17021789 prime?
True
Is 36231493 a composite number?
False
Is 139767 a composite number?
True
Is 68969741 composite?
False
Is 2550403 a prime number?
True
Is 8093453 prime?
False
Is 5883529 composite?
True
Is 388919 a prime number?
False
Is 109910209 composite?
False
Is 4601521 a composite number?
True
Is 656917 a composite number?
False
Is 72373283 composite?
False
Is 9243958 a prime number?
False
Is 216934621 composite?
True
Is 3480349 a prime number?
False
Is 78428771 prime?
True
Is 1643562167 composite?
True
Is 858217 a composite number?
False
Is 19309423 composite?
True
Is 44179801 prime?
True
Is 132594421 a prime number?
False
Is 17680489 a composite number?
True
Is 23799259 a composite number?
True
Is 7529849 a composite number?
True
Is 6315658 a prime number?
False
Is 946963 a prime number?
False
Is 228933115 prime?
False
Is 5786251 a prime number?
False
Is 31564311 composite?
True
Is 3111481 a prime number?
True
Is 27710317 prime?
True
Is 4329511 prime?
False
Is 527073707 composite?
False
Is 838279 composite?
True
Is 90564833 prime?
False
Is 13610215 a prime number?
False
Is 6412217 a composite number?
True
Is 12318073 a composite number?
True
Is 1159105 a composite number?
True
Is 5819887 prime?
False
Is 199428299 a prime number?
False
Is 42654653 composite?
False
Is 51718441 composite?
False
Is 147956881 prime?
True
Is 400090249 composite?
True
Is 17482337 a prime number?
False
Is 3780653 composite?
False
Is 51785957 a prime number?
True
Is 4773647 a prime number?
False
Is 275520617 a composite number?
False
Is 31324187 a composite number?
False
Is 45415153 a composite number?
True
Is 4715513 composite?
True
Is 1569467 composite?
True
Is 11820742 a prime number?
False
Is 76045193 a composite number?
True
Is 1727221 composite?
False
Is 15079013 prime?
True
Is 26605247 composite?
True
Is 11233813 prime?
True
Is 10117869 a composite number?
True
Is 57378338 a composite number?
True
Is 40726783 a composite number?
False
Is 2866511 prime?
False
Is 63120323 a composite number?
True
Is 48925797 a prime number?
False
Is 7210771 composite?
True
Is 1139029 composite?
True
Is 59024971 composite?
False
Is 201463 composite?
True
Is 3627469 prime?
True
Is 66933103 composite?
False
Is 24851039 composite?
False
Is 6180989 prime?
True
Is 7251071 a prime number?
True
Is 2047561 a prime number?
False
Is 3312139 a prime number?
True
Is 1952729 a prime number?
True
Is 1170271 composite?
False
Is 2852939 prime?
True
Is 13258369 composite?
True
Is 3387399 prime?
False
Is 118577153 prime?
True
Is 100769 a composite number?
False
Is 177983389 a prime number?
False
Is 36251689 a composite number?
True
Is 4184931 prime?
False
Is 197069 prime?
False
Is 8312758 composite?
True
Is 177557 a composite number?
True
Is 15201073 prime?
False
Is 30941103 a prime number?
False
Is 35132341 composite?
False
Is 347225341 composite?
False
Is 171126689 a prime number?
True
Is 44640047 a composite number?
False
Is 256881229 a composite number?
True
Is 59725907 prime?
False
Is 8031007 a composite number?
False
Is 111366941 a prime number?
False
Is 129147229 a prime number?
False
Is 21916819 a prime number?
False
Is 63361 composite?
False
Is 5355523 composite?
True
Is 29680549 composite?
True
Is 817681 a prime number?
False
Is 3627167 composite?
False
Is 9667139 composite?
False
Is 19930529 prime?
False
Is 55861419 prime?
False
Is 2020397 composite?
True
Is 1758533 prime?
False
Is 49578983 a composite number?
False
Is 1953907 a composite number?
True
Is 744664883 a prime number?
True
Is 2897023 a composite number?
False
Is 1022809 composite?
True
Is 8508847 prime?
True
Is 9513563 a prime number?